ghest common divisor of 63 and s?
7
Suppose -3*b - 4*a = -3, 4*b - 5*a = -8*a + 11. Suppose 2*z = -2*z + 160. What is the highest common factor of z and b?
5
Suppose -16 = -21*z + 5. What is the greatest common divisor of z and 5?
1
Suppose -h + 260 = h. Suppose a + 9 = 2*a - x, x = -3. Suppose -r + a = -20. What is the highest common factor of h and r?
26
Let a be -231 - 4/6*(-21)/14. Let g be (a/69)/(2/(-12)). Calculate the greatest common factor of g and 4.
4
Suppose 0 = -5*r - 5*k + 120, -2*r - 132 = -6*r + 5*k. Calculate the highest common divisor of r and 14.
14
Suppose -2*w + 11*w = -360. Let q be (w/14)/((-6)/147). What is the highest common factor of 30 and q?
10
Suppose -3*r - 3*w = -57, -3*r - 2 + 67 = -w. Let g = -460 - -463. What is the greatest common divisor of g and r?
3
Let h(m) = m + 6. Let q be h(-3). Suppose q*t = -2*t + 85. What is the greatest common divisor of t and 119?
17
Suppose -3*i + 3*p + 244 = p, 5*i - 396 = -2*p. Suppose 2*r = 10, 6*r = t + 7*r - 25. Calculate the highest common divisor of t and i.
20
Let o(h) = h**2 + 16. Let p be o(0). Calculate the highest common divisor of 16 and p.
16
Let q(d) = d**3 - 22*d**2 - 236*d + 16. Let w be q(30). What is the greatest common factor of w and 17?
17
Suppose -40 = a + 93. Let g = 293 + a. What is the highest common divisor of 64 and g?
32
Let m = 2 - -103. Calculate the highest common factor of 45 and m.
15
Let u(x) = -x**2 - 10*x - 14. Let y be u(-6). Suppose 34 - y = t. Suppose 2*k - t = -0*k - 5*i, 5*i = -20. Calculate the highest common divisor of k and 44.
22
Let u(m) = -32*m**2 + m. Let g be u(-1). Let s = g + 121. Suppose p - 20 = 3*z, -p + z = 3*z. What is the highest common factor of s and p?
8
Let u(l) = -22*l - 36. Let h be (-196)/(-21)*(-3)/2. Let z be u(h). Calculate the highest common divisor of z and 34.
34
Let o(g) be the second derivative of -g**4/12 - 17*g**3/6 - 2*g**2 + 3*g. Let w be o(-15). Calculate the greatest common factor of 13 and w.
13
Let t be (-46)/(-3) - (-8)/(-24). Let a(b) = -b**2 + 15*b + 18. Let u be a(t). What is the greatest common factor of 90 and u?
18
Let w(v) = v**3 - 4*v**2 - 4*v + 9. Let d be w(6). Suppose -38 = 37*a - 741. What is the highest common factor of d and a?
19
Let z be (-1 - (-25)/7)/((-2)/(-14)). Let q(n) = 6*n**2 + 3*n - 3. Let i be q(2). Calculate the highest common factor of i and z.
9
Suppose -7*q + 168 = -3*q. Let v = -6 + q. Suppose x - 2*x + v = 0. What is the greatest common factor of 18 and x?
18
Suppose 11*d = 6*d + 125. Let g = 70 - -105. What is the highest common factor of g and d?
25
Let j(t) = -t**2 - 3*t + 12. Let r be j(-5). Suppose -5*g + r*c = -72, 40 = 3*g + c + c. What is the greatest common factor of 126 and g?
14
Let i = 203 + -119. What is the highest common factor of 63 and i?
21
Let c(w) = 7*w**2 - 2*w - 2. Let k be c(3). Suppose -5*m + 10 = -k. Let b = 22 - m. Calculate the highest common divisor of 1 and b.
1
Let p(m) = -m**3 + 7*m**2 - 7*m - 1. Let h be p(6). Let c be 27 - (-4)/(3 + h). What is the greatest common factor of c and 13?
13
Let d = -69 + 91. Let l = 12 + d. Let i be 2/7 + (-234)/(-14). Calculate the highest common divisor of i and l.
17
Let v be ((-10)/7 - 2)/((-3)/63). Calculate the highest common divisor of v and 504.
72
Let p(k) = -2*k. Let j be p(-4). Suppose -c = 8*c - 792. Calculate the greatest common factor of c and j.
8
Suppose f - 2*b = 88, -2*f - 4*b = 3*f - 412. Let a = 32 - 20. Calculate the highest common factor of a and f.
12
Let t be (-30)/4*24/(-18) + 0. Suppose -15 + 65 = t*w. Calculate the highest common divisor of w and 25.
5
Let x = 21 - 15. Let y(f) = -f**3 + 5*f**2 + 9*f - 14. Let g be y(x). Suppose -12 = -g*i + i. What is the greatest common divisor of i and 36?
4
Let b = -20 - -23. Suppose b*c - 344 = -14. Calculate the greatest common divisor of 10 and c.
10
Suppose v - 5*f = -3*f + 1, -6*v + 5*f + 20 = 0. What is the greatest common factor of v and 335?
5
Let d be (9/(-2) - -4)/(1/(-68)). Suppose 30 = 4*y - 38. Calculate the greatest common factor of y and d.
17
Suppose -9 = 2*v - 5*o, -2*v + 2*o - 4 = 2. Let q be ((-3)/v)/((-15)/(-3070)). Let k = q + -202. Calculate the highest common factor of 15 and k.
15
Suppose x + 4 = 15. Let t(w) = 2*w**2 + w - 20. Let n be t(3). Calculate the greatest common factor of n and x.
1
Let n be (-2000)/(-15) + (-4)/(-6). Let p = n - 132. What is the greatest common factor of 4 and p?
2
Let k(o) = -o**3 - 4*o**2 - 5*o + 1. Let y be k(-2). Suppose 2*z = -y*d + 55, 5*d + 0*d = -4*z + 95. What is the highest common factor of d and 6?
3
Let l(s) = 2*s + 6. Let c be (0*(-3)/(-12))/(-2 - -3). Let g be l(c). Calculate the highest common factor of 66 and g.
6
Suppose -9 - 36 = -d. Suppose -2 = u + w + 6, 3*u + d = 4*w. Let h = u - -13. Calculate the greatest common factor of h and 3.
1
Let d(p) = p**3 - p**2 + 2*p + 48. Let t be d(0). Calculate the highest common divisor of 816 and t.
48
Let i = -1373 + 1393. Calculate the greatest common factor of i and 80.
20
Let z(u) be the second derivative of u**4/12 - 7*u**3/6 + 7*u**2 - 2*u. Suppose -10*o + 50 = -0. Let c be z(o). Calculate the highest common factor of 4 and c.
4
Suppose -2*i - 612 = -6*i. Suppose 2*o - v = 216, o - 4*v - i = -52. Let w = -59 + o. What is the greatest common factor of 10 and w?
10
Let s be (-2 + (-122)/(-7))/(44/154). Suppose 0 = -z - 2*z + 54. Calculate the greatest common divisor of s and z.
18
Suppose 3*u = 5*u - 8. Suppose -16 + 0 = -u*b. Suppose b = p - 5. What is the highest common divisor of 81 and p?
9
Let d(n) = n**3 - 26*n**2 + 25*n + 2. Let m be d(25). Calculate the highest common divisor of 14 and m.
2
Let w(j) = -j**2 + 14*j + 9. Let g be w(15). Let u be ((-1)/3)/(g/18). Calculate the greatest common factor of 2 and u.
1
Let s = 800 - 394. Calculate the greatest common factor of s and 14.
14
Suppose 10*p + 29 = -11. Let h be -52*(3 + -1)/p. What is the greatest common factor of h and 286?
26
Suppose -6*v - 3 = -3*v. Let d be ((-21)/(-6))/(v/(-10)). Calculate the greatest common divisor of 14 and d.
7
Suppose -7*p + 9*p = 54. Let k = -359 + 386. What is the greatest common divisor of k and p?
27
Let n(c) = c**2 - 6*c - 4. Suppose 3 = -5*i - 7, 2 = 3*z + 5*i. Let s be n(z). Let p be 4 - s/(2 + 1). What is the highest common divisor of 88 and p?
8
Suppose 5*f + 2057 - 2457 = 0. What is the highest common factor of f and 220?
20
Suppose -2*c + 292 + 2 = 0. Let x be 56/3*c/28. What is the highest common divisor of x and 14?
14
Suppose 1 - 7 = -3*o. Let r(a) = a**3 - 3*a**2 + a + 1. Let s be r(o). Let c be (-54)/s - (-7 - -11). What is the greatest common factor of 20 and c?
10
Let k be 9/((-324)/45)*-4. Calculate the greatest common divisor of k and 145.
5
Let y(r) = 161*r - 1123. Let q be y(7). Let t be (-3)/6*2/(-1). Let x = 2 - t. Calculate the highest common factor of x and q.
1
Let w be 3*(-4 + 1)/(-3). Let l = w + 3. What is the highest common divisor of 48 and l?
6
Suppose 63 = 2*j + n + 408, -5*j + 4*n = 882. Let k = j + 304. Calculate the greatest common divisor of k and 52.
26
Let f(h) = -h**3 + 43*h**2 + 47*h + 15. Let x be f(44). Calculate the highest common divisor of 3 and x.
3
Let r be 2*(211/2 + 0). Let v = 344 + r. Suppose -4*t = -t - v. Calculate the highest common factor of 37 and t.
37
Let m(l) = l**2 + l + 4. Let b = -2 + -2. Let n be m(b). What is the highest common factor of 4 and n?
4
Suppose 8*s = 14*s - 924. Calculate the greatest common divisor of 112 and s.
14
Let g be 1/3 - 72/(-27). Let y = g + 9. What is the highest common factor of 16 and y?
4
Let p be 3/12 + 30/8. Let d(g) = -g**3 + 6*g**2 - 2*g + 4. Let h be d(p). Let y be 98/1*(110/11 - 8). Calculate the highest common divisor of y and h.
28
Let y = 548 + -547. What is the highest common divisor of y and 29?
1
Let s(p) = -29*p - 2. Let x be s(3). Suppose -3*g - 3*l + 460 = -2*l, -3*g + 3*l + 444 = 0. Let v = g + x. What is the greatest common factor of v and 7?
7
Suppose 262 = 5*u - 143. Suppose 2*j - 3*j - 23 = 2*p, 4*j = -3*p - 22. Let l = p + 41. Calculate the greatest common factor of l and u.
27
Let j = -691 - -736. Let s = 11 - 2. What is the greatest common factor of s and j?
9
Let m(p) = 13*p + 7. Let z be m(5). Let x be ((-3)/2)/((-4)/z). Wh